
13704604 (base 10) to base 9
27707157
What is -4742b (base 14) in base 2?
-101010011001111111
38181 (base 9) to base 16
6445
What is -10001000100000010 (base 2) in base 16?
-11102
Convert 1110010001000111 (base 2) to base 11.
3a9a7
Convert -335b58 (base 13) to base 5.
-302244404
What is 1256445 (base 8) in base 7?
2662566
Convert 32100342 (base 6) to base 2.
11100101101111100110
What is -113300213023 (base 4) in base 11?
-3574567
Convert -19b444 (base 13) to base 8.
-2373671
-84514 (base 14) to base 12
-134946
Convert -223133332 (base 4) to base 14.
-48d0a
Convert -8b495 (base 16) to base 7.
-4564213
Convert 17335521 (base 8) to base 7.
46246616
-6edeb (base 16) to base 2
-1101110110111101011
Convert 222223 (base 5) to base 14.
2bc1
What is -66ac4 (base 14) in base 3?
-110122200122
What is 59933 (base 11) in base 5?
10230214
What is -1454440 (base 6) in base 16?
-14d18
What is -13e7af (base 16) in base 6?
-43543155
What is -234222212 (base 5) in base 2?
-100001001000111101100
What is 12747335 (base 8) in base 15?
3baa05
-1010121000102202 (base 3) to base 4
-332001112223
2d2dc (base 15) to base 6
3042530
Convert 4c2b8e (base 15) to base 6.
210154155
Convert 1016075 (base 9) to base 8.
2043354
What is -b9b357 (base 12) in base 6?
-143030151
-b882a (base 15) to base 9
-1082404
What is -101011011010100100 (base 2) in base 5?
-21142303
-2cc02 (base 16) to base 3
-100022102211
What is 1001022122011 (base 3) in base 7?
4511062
What is 8d16 (base 14) in base 9?
36564
Convert -100102020102202 (base 3) to base 10.
-5004173
Convert -bcbcc4 (base 16) to base 7.
-210064331
What is -1232321 (base 5) in base 14?
-8ac6
Convert -500014 (base 6) to base 15.
-b7ca
What is -303101322 (base 4) in base 16?
-3347a
-280185 (base 9) to base 11
-107312
What is -680a1 (base 11) in base 15?
-1e33a
-227b056 (base 12) to base 14
-c49830
Convert -3104311404 (base 5) to base 4.
-120013220221
What is -101000000101010001 (base 2) in base 16?
-28151
What is d8554 (base 14) in base 7?
4304034
Convert -1530033 (base 6) to base 15.
-1b780
What is 21440420 (base 5) in base 3?
100111111101
Convert -101235 (base 12) to base 13.
-8a272
1352b (base 13) to base 12
18a2a
3c9d63 (base 14) to base 13
587887
What is 101010000001101100 (base 2) in base 10?
172140
Convert 134708 (base 10) to base 6.
2515352
ac2373 (base 14) to base 6
325142025
-1013122122 (base 4) to base 8
-1073232
What is a902 (base 11) in base 13?
672a
11002343 (base 6) to base 16
4fdf7
222211233 (base 4) to base 2
101010100101101111
-210234411 (base 5) to base 12
-35a462
Convert c38b (base 15) to base 10.
41306
Convert 120204022 (base 5) to base 11.
348a57
-625ae5 (base 15) to base 9
-8717368
-10100303 (base 4) to base 10
-17459
Convert 52254415 (base 6) to base 5.
342003133
Convert -5bd17 (base 16) to base 6.
-12021051
Convert -372929 (base 10) to base 15.
-7576e
11222222301 (base 4) to base 2
101101010101010110001
What is 22823 (base 16) in base 13?
4c44b
What is -20120012212 (base 3) in base 11?
-89077
Convert 182234 (base 10) to base 13.
64c40
Convert 4313344131 (base 5) to base 13.
1b74c13
What is 100001010010000110101 (base 2) in base 13?
2c2544
12014421 (base 5) to base 14
2c44b
What is -106575 (base 13) in base 4?
-1132012020
4a94b (base 12) to base 10
101579
Convert -31122234 (base 9) to base 4.
-321002322322
-201202200211222 (base 3) to base 10
-10504781
-12011023322 (base 4) to base 16
-1852fa
Convert -55997 (base 11) to base 12.
-3aaa7
Convert -2112220011202 (base 3) to base 8.
-5130444
Convert 10121001102102 (base 3) to base 5.
442112123
Convert 33b7b (base 15) to base 3.
22100202222
Convert -5a31 (base 15) to base 14.
-6db5
-11157607 (base 8) to base 9
-4482751
741353 (base 8) to base 15
4d08c
Convert 4352532 (base 6) to base 4.
310333220
Convert -755688 (base 11) to base 15.
-18ce0e
2157440 (base 10) to base 13
5a6cbc
14310201331 (base 5) to base 15
19c0946
What is -670064 (base 9) in base 15?
-7d904
What is 457467 (base 9) in base 14?
72065
167b467 (base 12) to base 6
243311011
-1021031112 (base 4) to base 10
-299862
What is -1220011204 (base 5) in base 7?
-33401552
2135c (base 13) to base 7
336434
What is -221430a (base 11) in base 8?
-16644772
Convert -7026542 (base 8) to base 11.
-1051441
230022423 (base 6) to base 12
14a7a13
Convert 1415300 (base 8) to base 10.
400064
What is 230524240 (base 6) in base 14?
7c5a24
-20481 (base 9) to base 16
-34cf
Convert 512140254 (base 6) to base 9.
17467827
-8ab825 (base 14) to base 10
-4718537
168483 (base 13) to base 5
120423033
Convert -300013 (base 8) to base 16.
-1800b
What is -143349 (base 10) in base 4?
-202333311
What is 200101110 (base 4) in base 8?
402124
Convert 10a519 (base 11) to base 16.
2ab8a
What is 1737256 (base 9) in base 7?
11146233
731384 (base 11) to base 2
100011110011001001010
What is -1000110100011111000 (base 2) in base 6?
-10110012
What is 101100111110110110110 (base 2) in base 6?
51331542
30411420 (base 6) to base 5
210410310
Convert 57c3 (base 14) to base 16.
3b9f
-21256ab (base 12) to base 2
-10111111011001110100011
What is -205029 (base 12) in base 13?
-149610
-11100000101011101 (base 2) to base 11
-7947a
Convert -20211111100 (base 3) to base 5.
-13300441
Convert 989dd (base 15) to base 13.
13c8ca
What is 112011111111022 (base 3) in base 11?
4282501
Convert -751859 (base 10) to base 15.
-ecb8e
What is -2201201023 (base 5) in base 2?
-10001111101110010001001
Convert -10200020133 (base 4) to base 5.
-300231231
What is 4032403344 (base 5) in base 3?
120020001220100
What is -55562 (base 13) in base 9?
-255205
-31103231 (base 5) to base 6
-5233530
42421040 (base 6) to base 2
100110000011100010000
110122001021001 (base 3) to base 4
121212313312
c90b (base 14) to base 13
12a46
Convert -4127c5 (base 15) to base 14.
-5a8723
Convert 1143473 (base 8) to base 13.
ac6c3
What is -95e72 (base 16) in base 6?
-21054334
-106586 (base 9) to base 7
-354213
a1587 (base 11) to base 4
210033121
What is 10010101010010110000 (base 2) in base 11?
388483
What is 111111101001100101111 (base 2) in base 13?
58043b
Convert -1103933 (base 12) to base 4.
-30113111313
What is 42b31a4 (base 12) in base 10?
12675148
What is -119ad (base 14) in base 11?
-2a401
Convert 105621 (base 16) to base 10.
1070625
Convert 540553 (base 10) to base 7.
4410646
What is 3343661 (base 7) in base 16?
65282
What is -121202320 (base 4) in base 12?
-50674
What is -43224554 (base 8) in base 7?
-141430241
134011 (base 8) to base 13
185a1
2300322230 (base 4) to base 13
1c4ab6
1220102000021 (base 3) to base 8
3670223
What is -13532 (base 10) in base 15?
-4022
What is -125606 (base 10) in base 2?
-11110101010100110
-11df8ae (base 16) to base 13
-3b625cb
What is -39846 (base 13) in base 15?
-219e6
Convert -1111101110100001 (base 2) to base 8.
-175641
-10241103 (base 7) to base 6
-30330340
Convert -2602634 (base 7) to base 11.
-210336
Convert 341434 (base 5) to base 3.
121121212
-22313022022 (base 4) to base 2
-1010110111001010001010
-122251403 (base 6) to base 10
-2355195
301041314 (base 5) to base 16
122941
What is 17867c (base 13) in base 9?
1088178
2acc1 (base 13) to base 11
56079
What is 30031330002 (base 4) in base 8?
14157402
Convert 1222101120202 (base 3) to base 2.
100000000100100100010
3766273 (base 10) to base 5
1431010043
133748 (base 9) to base 3
11010211122
-121504101 (base 6) to base 3
-11101011120101
-275751 (base 10) to base 8
-1032447
-16318 (base 12) to base 6
-402032
What is 4061835 (base 9) in base 11?
124a831
325263 (base 10) to base 15
66593
What is 315522302 (base 6) in base 16?
555bde
What is -430151 (base 10) in base 2?
-1101001000001000111
-10101010101001010011 (base 2) to base 16
-aaa53
13010012 (base 4) to base 12
148b2
What is 2443717 (base 8) in base 11?
420214
Convert 422340 (base 14) to base 2.
1000100001011110010100
What is -1529bac (base 13) in base 16?
-672eba
Convert 889887 (base 10) to base 2.
11011001010000011111
What is -957795 (base 11) in base 2?
-101110110010000000100
343773 (base 10) to base 9
573510
1003634 (base 9) to base 5
114043040
111011010010011011 (base 2) to base 11
1564a7
What is 31146471 (base 9) in base 3?
1001011120112101
What is 530617 (base 9) in base 13?
b075b
Convert 2523420 (base 6) to base 3.
20212222210
What is 95991b (base 14) in b